{"id":31,"date":"2018-03-17T21:19:56","date_gmt":"2018-03-17T21:19:56","guid":{"rendered":"http:\/\/rioespera.com\/portal\/?page_id=31"},"modified":"2025-10-03T10:34:40","modified_gmt":"2025-10-03T13:34:40","slug":"genealogia","status":"publish","type":"page","link":"https:\/\/rioespera.com\/portal\/genealogia\/","title":{"rendered":"Genealogia"},"content":{"rendered":"\n<p><strong>foto acima:<\/strong><br><em>fam\u00edlia Rodrigues de Miranda &#8211; 1910 &#8211; data aproximada<\/em><br>da direita para esquerda.<br>1-Franscisco Rodrigues de Miranda (pai-Dona Naninha, Dona Jove, Joaquim Miranda, Lol\u00f3 do Aprigio, Sr Miranda, ? Av\u00f3 do Rominho)<br>2- Jo\u00e3o Rodrigues de Miranda (dono fazenda Boa Esperan\u00e7a-vendeu para o Sr Zezeca Moreira e mudou-se p\/ Barbacena)<br>3-Manoel Rodrigues de Miranda(pai -Maricota, Janj\u00e3o Miranda, Liberato Miranda, Antonio Miranda, Nelo Miranda, Z\u00e9 Miranda, Teofilo Miranda, Franscisco Miranda, Custodio Miranda)<br>4-Jose Rodrigues de Miranda(Major Miranda)(fundou o grupo escolar e colocou rede de esgoto)<br>5-Teofilo Rodrigues de Miranda(Tininho)(Residia em Piranga)<br>1-<a href=\"https:\/\/rioespera.com\/portal\/2018\/05\/27\/casamento-major-jose-dias-nogueira\/\">Maria Segunda de Miranda<\/a> (M\u00e3e de Vicente Nogueira, <a href=\"https:\/\/rioespera.com\/portal\/caetano-antunes-nogueira\/\" data-type=\"post\" data-id=\"3228\">Caetano Nogueira<\/a>, Dona Nhanh\u00e1, Ninica do Colombo, Donana do Juquinha Miranda, Dona Chichica. Bisav\u00f3 de <a href=\"https:\/\/rioespera.com\/portal\/genealogia\/ronaldo-nogueira-de-oliveira\/\" data-type=\"page\" data-id=\"9920\">Ronaldo Nogueira De Oliveira<\/a>)<br>2-Ana Rodruigues de Miranda (Sinhazinha) (Mae da Donana Do Tone do Cesar)<br>3-Maria jose Rodrigues de Miranda(m\u00e3e do Z\u00e9 Camilo)<br>4-Franscisca Rodrigues de Miranda (Chichica) (Av\u00f3 da Dona Doce)<\/p>\n\n\n\n<p>&#8230;Agradecimentos ao Fabr\u00edcio Miranda que me enviou essa rara foto..<\/p>\n\n\n\n<p>Muitas fam\u00edlias tiverem em Rio Espera seu ber\u00e7o. Nos s\u00e9culos XVIII e XIX a cidade tinha rela\u00e7\u00e3o direta com a capital da prov\u00edncia, Ouro Preto.<\/p>\n\n\n<div class=\"wp-block-image\">\n<figure class=\"alignleft is-resized\"><a href=\"https:\/\/rioespera.com\/portal\/2018\/05\/27\/major-dias-nogueira\/\"><img loading=\"lazy\" decoding=\"async\" width=\"1186\" height=\"1596\" src=\"https:\/\/rioespera.com\/portal\/wp-content\/uploads\/2018\/03\/foto-jose-dias-nogueira.jpg\" alt=\"\" class=\"wp-image-663\" style=\"width:297px;height:399px\"\/><\/a><figcaption class=\"wp-element-caption\"><a href=\"https:\/\/rioespera.com\/portal\/jose-dias-nogueira-lopes-sobrinho\/\" data-type=\"post\" data-id=\"10297\">Jos\u00e9 Dias Nogueira<\/a><\/figcaption><\/figure><\/div>\n\n\n<p>Essa rela\u00e7\u00e3o pode ser observada ao analisarmos os registros notariais, principalmente os de batismos e casamentos, que naquela \u00e9poca era incumb\u00eancia da igreja. Neles podemos observar que pessoas de Ouro Preto iam \u00e0 Rio Espera para se casar.<br>Hoje, esses precisosos livros encontram na par\u00f3quia de Nossa Senhara da Piedade.<\/p>\n\n\n\n<div id=\"gad_box_right\">\n<p><script><br \/>\n     (adsbygoogle = window.adsbygoogle || []).push({});<br \/>\n          <\/script><\/p>\n<\/div>\n\n\n\n<p>Consegui fotografar e disponibilizar alguns deles.&nbsp;\u00c0 medida do poss\u00edvel, venho disponibilizando essas imagens para consulta.<br>Navegar nos registros \u00e9 muito fascinante. \u00c9 realmente espetacular. Constituem-se uma valiosa forma de pesquisa.<\/p>\n\n\n\n<p><strong>Para mim, \u00e9 um &#8220;mundo&#8221; fascinante!<\/strong><\/p>\n\n\n<div class=\"wp-block-image\">\n<figure class=\"alignleft\"><img loading=\"lazy\" decoding=\"async\" width=\"300\" height=\"171\" src=\"https:\/\/rioespera.com\/portal\/wp-content\/uploads\/2018\/03\/batizado-1859-300x171.jpg\" alt=\"\" class=\"wp-image-41\"\/><\/figure><\/div>\n\n\n<p>O acervo geneal\u00f3gico j\u00e1 catalogado e disponibilizado no site \u00e9 bastante amplo<br>e cont\u00e9m registros de batismos, casamentos e \u00f3bitos de v\u00e1rias par\u00f3quias.<br>Rio Espera, Itaverava, Santana dos Montes e Josel\u00e2ndia, s\u00e3o algumas das par\u00f3quias encontradas nesse acervo.<\/p>\n\n\n\n<p><b>Para pesquisar nos registros j\u00e1\u00a0digitalizados e baixar uma c\u00f3pia, voc\u00ea deve acessar o\u00a0<\/b><a href=\"http:\/\/www.rioespera.com\/acervo\/legado\/index.html\" target=\"_blank\" rel=\"noreferrer noopener\">acervo<\/a><b>.<\/b><\/p>\n\n\n\n<p><\/p>\n","protected":false},"excerpt":{"rendered":"<p>foto acima:fam\u00edlia Rodrigues de Miranda &#8211; 1910 &#8211; data aproximadada direita para esquerda.1-Franscisco Rodrigues de Miranda (pai-Dona Naninha, Dona Jove, Joaquim Miranda, Lol\u00f3 do Aprigio,<span class=\"read-more-link\"><a class=\"read-more\" href=\"https:\/\/rioespera.com\/portal\/genealogia\/\">Read More<\/a><\/span><\/p>\n","protected":false},"author":1,"featured_media":32,"parent":0,"menu_order":0,"comment_status":"closed","ping_status":"closed","template":"","meta":{"ngg_post_thumbnail":0,"footnotes":""},"class_list":["post-31","page","type-page","status-publish","has-post-thumbnail","hentry"],"_links":{"self":[{"href":"https:\/\/rioespera.com\/portal\/wp-json\/wp\/v2\/pages\/31","targetHints":{"allow":["GET"]}}],"collection":[{"href":"https:\/\/rioespera.com\/portal\/wp-json\/wp\/v2\/pages"}],"about":[{"href":"https:\/\/rioespera.com\/portal\/wp-json\/wp\/v2\/types\/page"}],"author":[{"embeddable":true,"href":"https:\/\/rioespera.com\/portal\/wp-json\/wp\/v2\/users\/1"}],"replies":[{"embeddable":true,"href":"https:\/\/rioespera.com\/portal\/wp-json\/wp\/v2\/comments?post=31"}],"version-history":[{"count":10,"href":"https:\/\/rioespera.com\/portal\/wp-json\/wp\/v2\/pages\/31\/revisions"}],"predecessor-version":[{"id":11052,"href":"https:\/\/rioespera.com\/portal\/wp-json\/wp\/v2\/pages\/31\/revisions\/11052"}],"wp:featuredmedia":[{"embeddable":true,"href":"https:\/\/rioespera.com\/portal\/wp-json\/wp\/v2\/media\/32"}],"wp:attachment":[{"href":"https:\/\/rioespera.com\/portal\/wp-json\/wp\/v2\/media?parent=31"}],"curies":[{"name":"wp","href":"https:\/\/api.w.org\/{rel}","templated":true}]}}